{"id":7197,"date":"2024-04-06T02:39:46","date_gmt":"2024-04-06T02:39:46","guid":{"rendered":"https:\/\/rutaalsur.co\/Principal\/?page_id=7197"},"modified":"2024-04-18T01:40:05","modified_gmt":"2024-04-18T01:40:05","slug":"quienes-somos-2","status":"publish","type":"page","link":"https:\/\/rutaalsur.co\/Principal\/quienes-somos-2\/","title":{"rendered":"Quienes Somos"},"content":{"rendered":"\t\t<div data-elementor-type=\"wp-page\" data-elementor-id=\"7197\" class=\"elementor elementor-7197\" data-elementor-settings=\"[]\">\n\t\t\t\t\t\t\t<div class=\"elementor-section-wrap\">\n\t\t\t\t\t\t\t<section class=\"elementor-section elementor-top-section elementor-element elementor-element-c365383 elementor-section-stretched elementor-section-boxed elementor-section-height-default elementor-section-height-default\" data-id=\"c365383\" data-element_type=\"section\" data-settings=\"{&quot;stretch_section&quot;:&quot;section-stretched&quot;,&quot;background_background&quot;:&quot;classic&quot;}\">\n\t\t\t\t\t\t\t<div class=\"elementor-background-overlay\"><\/div>\n\t\t\t\t\t\t\t<div class=\"elementor-container elementor-column-gap-default\">\n\t\t\t\t\t<div class=\"elementor-column elementor-col-100 elementor-top-column elementor-element elementor-element-9370ace\" data-id=\"9370ace\" data-element_type=\"column\">\n\t\t\t<div class=\"elementor-widget-wrap elementor-element-populated\">\n\t\t\t\t\t\t\t\t<div class=\"elementor-element elementor-element-4cb11ab elementor-widget elementor-widget-spacer\" data-id=\"4cb11ab\" data-element_type=\"widget\" data-widget_type=\"spacer.default\">\n\t\t\t\t<div class=\"elementor-widget-container\">\n\t\t\t\t\t<div class=\"elementor-spacer\">\n\t\t\t<div class=\"elementor-spacer-inner\"><\/div>\n\t\t<\/div>\n\t\t\t\t<\/div>\n\t\t\t\t<\/div>\n\t\t\t\t<div class=\"elementor-element elementor-element-e7288ce elementor-widget elementor-widget-heading\" data-id=\"e7288ce\" data-element_type=\"widget\" data-widget_type=\"heading.default\">\n\t\t\t\t<div class=\"elementor-widget-container\">\n\t\t\t<h2 class=\"elementor-heading-title elementor-size-default\">Quienes Somos<\/h2>\t\t<\/div>\n\t\t\t\t<\/div>\n\t\t\t\t<div class=\"elementor-element elementor-element-060ef46 elementor-widget-divider--view-line elementor-widget elementor-widget-divider\" data-id=\"060ef46\" data-element_type=\"widget\" data-widget_type=\"divider.default\">\n\t\t\t\t<div class=\"elementor-widget-container\">\n\t\t\t\t\t<div class=\"elementor-divider\">\n\t\t\t<span class=\"elementor-divider-separator\">\n\t\t\t\t\t\t<\/span>\n\t\t<\/div>\n\t\t\t\t<\/div>\n\t\t\t\t<\/div>\n\t\t\t\t<div class=\"elementor-element elementor-element-25c3045 elementor-widget elementor-widget-spacer\" data-id=\"25c3045\" data-element_type=\"widget\" data-widget_type=\"spacer.default\">\n\t\t\t\t<div class=\"elementor-widget-container\">\n\t\t\t\t\t<div class=\"elementor-spacer\">\n\t\t\t<div class=\"elementor-spacer-inner\"><\/div>\n\t\t<\/div>\n\t\t\t\t<\/div>\n\t\t\t\t<\/div>\n\t\t\t\t\t<\/div>\n\t\t<\/div>\n\t\t\t\t\t\t\t<\/div>\n\t\t<\/section>\n\t\t\t\t<section class=\"elementor-section elementor-top-section elementor-element elementor-element-6ff94fb9 elementor-section-stretched elementor-section-boxed elementor-section-height-default elementor-section-height-default\" data-id=\"6ff94fb9\" data-element_type=\"section\" data-settings=\"{&quot;stretch_section&quot;:&quot;section-stretched&quot;}\">\n\t\t\t\t\t\t<div class=\"elementor-container elementor-column-gap-default\">\n\t\t\t\t\t<div class=\"elementor-column elementor-col-100 elementor-top-column elementor-element elementor-element-123b467e\" data-id=\"123b467e\" data-element_type=\"column\">\n\t\t\t<div class=\"elementor-widget-wrap elementor-element-populated\">\n\t\t\t\t\t\t\t\t<div class=\"elementor-element elementor-element-36db59af elementor-widget elementor-widget-spacer\" data-id=\"36db59af\" data-element_type=\"widget\" id=\"proyecto\" data-widget_type=\"spacer.default\">\n\t\t\t\t<div class=\"elementor-widget-container\">\n\t\t\t\t\t<div class=\"elementor-spacer\">\n\t\t\t<div class=\"elementor-spacer-inner\"><\/div>\n\t\t<\/div>\n\t\t\t\t<\/div>\n\t\t\t\t<\/div>\n\t\t\t\t<div class=\"elementor-element elementor-element-08a6a8d elementor-drop-cap-yes elementor-drop-cap-view-default elementor-widget elementor-widget-text-editor\" data-id=\"08a6a8d\" data-element_type=\"widget\" data-settings=\"{&quot;drop_cap&quot;:&quot;yes&quot;}\" data-widget_type=\"text-editor.default\">\n\t\t\t\t<div class=\"elementor-widget-container\">\n\t\t\t\t\t\t\t<p><strong>L\u00ednea \u00c9tica: transparencia@rutaalsur.co<\/strong><\/p>\t\t\t\t\t\t<\/div>\n\t\t\t\t<\/div>\n\t\t\t\t<section class=\"elementor-section elementor-inner-section elementor-element elementor-element-18eb323 elementor-section-boxed elementor-section-height-default elementor-section-height-default\" data-id=\"18eb323\" data-element_type=\"section\">\n\t\t\t\t\t\t<div class=\"elementor-container elementor-column-gap-default\">\n\t\t\t\t\t<div class=\"elementor-column elementor-col-33 elementor-inner-column elementor-element elementor-element-1202f7e\" data-id=\"1202f7e\" data-element_type=\"column\" data-settings=\"{&quot;background_background&quot;:&quot;classic&quot;}\">\n\t\t\t<div class=\"elementor-widget-wrap elementor-element-populated\">\n\t\t\t\t\t<div class=\"elementor-background-overlay\"><\/div>\n\t\t\t\t\t\t\t\t<div class=\"elementor-element elementor-element-bcaeca2 elementor-cta--layout-image-above elementor-cta--valign-middle elementor-cta--skin-classic elementor-animated-content elementor-bg-transform elementor-bg-transform-zoom-in elementor-widget elementor-widget-call-to-action\" data-id=\"bcaeca2\" data-element_type=\"widget\" data-widget_type=\"call-to-action.default\">\n\t\t\t\t<div class=\"elementor-widget-container\">\n\t\t\t\t\t<div  class=\"elementor-cta\">\n\t\t\t\t\t<div class=\"elementor-cta__bg-wrapper\">\n\t\t\t\t<div class=\"elementor-cta__bg elementor-bg\" style=\"background-image: url(https:\/\/rutaalsur.co\/Principal\/wp-content\/uploads\/2023\/02\/Recurso-1.png);\"><\/div>\n\t\t\t\t<div class=\"elementor-cta__bg-overlay\"><\/div>\n\t\t\t<\/div>\n\t\t\t\t\t\t\t<div class=\"elementor-cta__content\">\n\t\t\t\t\n\t\t\t\t\t\t\t\t\t<h2 class=\"elementor-cta__title elementor-cta__content-item elementor-content-item\">\n\t\t\t\t\t\tConcesionaria\t\t\t\t\t<\/h2>\n\t\t\t\t\n\t\t\t\t\t\t\t\t\t<div class=\"elementor-cta__description elementor-cta__content-item elementor-content-item\">\n\t\t\t\t\t\tCumplir a cabalidad con el Contrato de Concesi\u00f3n 012 de 2015 celebrado con la Agencia Nacional de Infraestructura,\t\t\t\t\t<\/div>\n\t\t\t\t\n\t\t\t\t\t\t\t\t\t<div class=\"elementor-cta__button-wrapper elementor-cta__content-item elementor-content-item \">\n\t\t\t\t\t<a class=\"elementor-cta__button elementor-button elementor-size-sm\" href=\"https:\/\/rutaalsur.co\/Principal\/concecionaria\/\">\n\t\t\t\t\t\tConoce a Ruta al Sur\t\t\t\t\t<\/a>\n\t\t\t\t\t<\/div>\n\t\t\t\t\t\t\t<\/div>\n\t\t\t\t\t\t<\/div>\n\t\t\t\t<\/div>\n\t\t\t\t<\/div>\n\t\t\t\t\t<\/div>\n\t\t<\/div>\n\t\t\t\t<div class=\"elementor-column elementor-col-33 elementor-inner-column elementor-element elementor-element-859e0c5\" data-id=\"859e0c5\" data-element_type=\"column\" data-settings=\"{&quot;background_background&quot;:&quot;classic&quot;}\">\n\t\t\t<div class=\"elementor-widget-wrap elementor-element-populated\">\n\t\t\t\t\t\t\t\t<div class=\"elementor-element elementor-element-2e77beb elementor-cta--layout-image-above elementor-cta--valign-middle elementor-cta--sequenced-animation elementor-cta--skin-classic elementor-animated-content elementor-bg-transform elementor-bg-transform-zoom-in elementor-widget elementor-widget-call-to-action\" data-id=\"2e77beb\" data-element_type=\"widget\" data-widget_type=\"call-to-action.default\">\n\t\t\t\t<div class=\"elementor-widget-container\">\n\t\t\t\t\t<div  class=\"elementor-cta\">\n\t\t\t\t\t<div class=\"elementor-cta__bg-wrapper\">\n\t\t\t\t<div class=\"elementor-cta__bg elementor-bg\" style=\"background-image: url(https:\/\/rutaalsur.co\/Principal\/wp-content\/uploads\/2023\/12\/DSC00846-1536x1024.jpg);\"><\/div>\n\t\t\t\t<div class=\"elementor-cta__bg-overlay\"><\/div>\n\t\t\t<\/div>\n\t\t\t\t\t\t\t<div class=\"elementor-cta__content\">\n\t\t\t\t\n\t\t\t\t\t\t\t\t\t<h2 class=\"elementor-cta__title elementor-cta__content-item elementor-content-item\">\n\t\t\t\t\t\tEl Proyecto\t\t\t\t\t<\/h2>\n\t\t\t\t\n\t\t\t\t\t\t\t\t\t<div class=\"elementor-cta__description elementor-cta__content-item elementor-content-item\">\n\t\t\t\t\t\tConcesionaria Ruta al Sur S.A.S. \u2013 Proyecto vial 4G Santana -Mocoa \u2013 Neiva. \t\t\t\t\t<\/div>\n\t\t\t\t\n\t\t\t\t\t\t\t\t\t<div class=\"elementor-cta__button-wrapper elementor-cta__content-item elementor-content-item \">\n\t\t\t\t\t<a class=\"elementor-cta__button elementor-button elementor-size-sm\" href=\"https:\/\/rutaalsur.co\/Principal\/proyecto\/\">\n\t\t\t\t\t\tConoce m\u00e1s\t\t\t\t\t<\/a>\n\t\t\t\t\t<\/div>\n\t\t\t\t\t\t\t<\/div>\n\t\t\t\t\t\t<\/div>\n\t\t\t\t<\/div>\n\t\t\t\t<\/div>\n\t\t\t\t\t<\/div>\n\t\t<\/div>\n\t\t\t\t<div class=\"elementor-column elementor-col-33 elementor-inner-column elementor-element elementor-element-9739652\" data-id=\"9739652\" data-element_type=\"column\" data-settings=\"{&quot;background_background&quot;:&quot;classic&quot;}\">\n\t\t\t<div class=\"elementor-widget-wrap elementor-element-populated\">\n\t\t\t\t\t<div class=\"elementor-background-overlay\"><\/div>\n\t\t\t\t\t\t\t\t<div class=\"elementor-element elementor-element-b79dac4 elementor-cta--layout-image-above elementor-cta--valign-middle elementor-cta--skin-classic elementor-animated-content elementor-bg-transform elementor-bg-transform-zoom-in elementor-widget elementor-widget-call-to-action\" data-id=\"b79dac4\" data-element_type=\"widget\" data-widget_type=\"call-to-action.default\">\n\t\t\t\t<div class=\"elementor-widget-container\">\n\t\t\t\t\t<div  class=\"elementor-cta\">\n\t\t\t\t\t<div class=\"elementor-cta__bg-wrapper\">\n\t\t\t\t<div class=\"elementor-cta__bg elementor-bg\" style=\"background-image: url(https:\/\/rutaalsur.co\/Principal\/wp-content\/uploads\/2024\/04\/DSC00926-1536x1024.jpg);\"><\/div>\n\t\t\t\t<div class=\"elementor-cta__bg-overlay\"><\/div>\n\t\t\t<\/div>\n\t\t\t\t\t\t\t<div class=\"elementor-cta__content\">\n\t\t\t\t\n\t\t\t\t\t\t\t\t\t<h2 class=\"elementor-cta__title elementor-cta__content-item elementor-content-item\">\n\t\t\t\t\t\tGobierno Corporativo\t\t\t\t\t<\/h2>\n\t\t\t\t\n\t\t\t\t\t\t\t\t\t<div class=\"elementor-cta__description elementor-cta__content-item elementor-content-item\">\n\t\t\t\t\t\tinformes publicados por La Concesionaria Ruta al Sur S.A.S., tienen como objeto mostrar y resaltar los principales logros \t\t\t\t\t<\/div>\n\t\t\t\t\n\t\t\t\t\t\t\t\t\t<div class=\"elementor-cta__button-wrapper elementor-cta__content-item elementor-content-item \">\n\t\t\t\t\t<a class=\"elementor-cta__button elementor-button elementor-size-sm\" href=\"https:\/\/rutaalsur.co\/Principal\/gobierno-corporativo\/\">\n\t\t\t\t\t\tVer M\u00e1s\t\t\t\t\t<\/a>\n\t\t\t\t\t<\/div>\n\t\t\t\t\t\t\t<\/div>\n\t\t\t\t\t\t<\/div>\n\t\t\t\t<\/div>\n\t\t\t\t<\/div>\n\t\t\t\t\t<\/div>\n\t\t<\/div>\n\t\t\t\t\t\t\t<\/div>\n\t\t<\/section>\n\t\t\t\t<div class=\"elementor-element elementor-element-7795d94 elementor-widget elementor-widget-spacer\" data-id=\"7795d94\" data-element_type=\"widget\" data-widget_type=\"spacer.default\">\n\t\t\t\t<div class=\"elementor-widget-container\">\n\t\t\t\t\t<div class=\"elementor-spacer\">\n\t\t\t<div class=\"elementor-spacer-inner\"><\/div>\n\t\t<\/div>\n\t\t\t\t<\/div>\n\t\t\t\t<\/div>\n\t\t\t\t<div class=\"elementor-element elementor-element-74c311c elementor-widget elementor-widget-testimonial\" data-id=\"74c311c\" data-element_type=\"widget\" data-widget_type=\"testimonial.default\">\n\t\t\t\t<div class=\"elementor-widget-container\">\n\t\t\t\t\t<div class=\"elementor-testimonial-wrapper\">\n\t\t\t\t\t\t\t<div class=\"elementor-testimonial-content\">L\u00ednea \u00c9tica\n\nLa Concesionaria, ha puesto a disposici\u00f3n de sus empleados, contratistas, proveedores y en general para cualquier tercero relacionado una L\u00ednea \u00c9tica a trav\u00e9s del siguiente correo electr\u00f3nico, el cual ser\u00e1 administrado por el Oficial de Cumplimiento: Mail: transparencia@rutaalsur.co \n\n<\/div>\n\t\t\t\n\t\t\t\t\t\t<div class=\"elementor-testimonial-meta elementor-has-image elementor-testimonial-image-position-aside\">\n\t\t\t\t<div class=\"elementor-testimonial-meta-inner\">\n\t\t\t\t\t\t\t\t\t\t\t<div class=\"elementor-testimonial-image\">\n\t\t\t\t\t\t\t<img loading=\"lazy\" decoding=\"async\" width=\"512\" height=\"512\" src=\"https:\/\/rutaalsur.co\/Principal\/wp-content\/uploads\/2024\/04\/balance-scale.png\" class=\"attachment-medium size-medium\" alt=\"\" \/>\t\t\t\t\t\t<\/div>\n\t\t\t\t\t\n\t\t\t\t\t\t\t\t\t<\/div>\n\t\t\t<\/div>\n\t\t\t\t\t<\/div>\n\t\t\t\t<\/div>\n\t\t\t\t<\/div>\n\t\t\t\t\t<\/div>\n\t\t<\/div>\n\t\t\t\t\t\t\t<\/div>\n\t\t<\/section>\n\t\t\t\t\t\t<\/div>\n\t\t\t\t\t<\/div>\n\t\t","protected":false},"excerpt":{"rendered":"<p>Quienes Somos L\u00ednea \u00c9tica: transparencia@rutaalsur.co Concesionaria Cumplir a cabalidad con el Contrato de Concesi\u00f3n 012 de 2015 celebrado con la Agencia Nacional de Infraestructura, Conoce a Ruta al Sur El Proyecto Concesionaria Ruta al Sur S.A.S. \u2013 Proyecto vial 4G Santana -Mocoa \u2013 Neiva. Conoce m\u00e1s Gobierno Corporativo informes publicados por La Concesionaria Ruta al [&hellip;]<\/p>\n","protected":false},"author":2,"featured_media":0,"parent":0,"menu_order":0,"comment_status":"closed","ping_status":"open","template":"","meta":{"_joinchat":[],"footnotes":""},"class_list":["post-7197","page","type-page","status-publish","hentry"],"yoast_head":"<!-- This site is optimized with the Yoast SEO plugin v23.0 - https:\/\/yoast.com\/wordpress\/plugins\/seo\/ -->\n<title>Quienes Somos - Concesionaria Ruta al Sur<\/title>\n<meta name=\"robots\" content=\"index, follow, max-snippet:-1, max-image-preview:large, max-video-preview:-1\" \/>\n<link rel=\"canonical\" href=\"https:\/\/rutaalsur.co\/Principal\/quienes-somos-2\/\" \/>\n<meta property=\"og:locale\" content=\"es_ES\" \/>\n<meta property=\"og:type\" content=\"article\" \/>\n<meta property=\"og:title\" content=\"Quienes Somos - Concesionaria Ruta al Sur\" \/>\n<meta property=\"og:description\" content=\"Quienes Somos L\u00ednea \u00c9tica: transparencia@rutaalsur.co Concesionaria Cumplir a cabalidad con el Contrato de Concesi\u00f3n 012 de 2015 celebrado con la Agencia Nacional de Infraestructura, Conoce a Ruta al Sur El Proyecto Concesionaria Ruta al Sur S.A.S. \u2013 Proyecto vial 4G Santana -Mocoa \u2013 Neiva. Conoce m\u00e1s Gobierno Corporativo informes publicados por La Concesionaria Ruta al [&hellip;]\" \/>\n<meta property=\"og:url\" content=\"https:\/\/rutaalsur.co\/Principal\/quienes-somos-2\/\" \/>\n<meta property=\"og:site_name\" content=\"Concesionaria Ruta al Sur\" \/>\n<meta property=\"article:publisher\" content=\"https:\/\/www.facebook.com\/RutaalsurOfi\" \/>\n<meta property=\"article:modified_time\" content=\"2024-04-18T01:40:05+00:00\" \/>\n<meta property=\"og:image\" content=\"https:\/\/rutaalsur.co\/Principal\/wp-content\/uploads\/2024\/04\/balance-scale.png\" \/>\n<meta name=\"twitter:card\" content=\"summary_large_image\" \/>\n<meta name=\"twitter:label1\" content=\"Tiempo de lectura\" \/>\n\t<meta name=\"twitter:data1\" content=\"3 minutos\" \/>\n<script type=\"application\/ld+json\" class=\"yoast-schema-graph\">{\"@context\":\"https:\/\/schema.org\",\"@graph\":[{\"@type\":\"WebPage\",\"@id\":\"https:\/\/rutaalsur.co\/Principal\/quienes-somos-2\/\",\"url\":\"https:\/\/rutaalsur.co\/Principal\/quienes-somos-2\/\",\"name\":\"Quienes Somos - Concesionaria Ruta al Sur\",\"isPartOf\":{\"@id\":\"https:\/\/rutaalsur.co\/Principal\/#website\"},\"primaryImageOfPage\":{\"@id\":\"https:\/\/rutaalsur.co\/Principal\/quienes-somos-2\/#primaryimage\"},\"image\":{\"@id\":\"https:\/\/rutaalsur.co\/Principal\/quienes-somos-2\/#primaryimage\"},\"thumbnailUrl\":\"https:\/\/rutaalsur.co\/Principal\/wp-content\/uploads\/2024\/04\/balance-scale.png\",\"datePublished\":\"2024-04-06T02:39:46+00:00\",\"dateModified\":\"2024-04-18T01:40:05+00:00\",\"breadcrumb\":{\"@id\":\"https:\/\/rutaalsur.co\/Principal\/quienes-somos-2\/#breadcrumb\"},\"inLanguage\":\"es\",\"potentialAction\":[{\"@type\":\"ReadAction\",\"target\":[\"https:\/\/rutaalsur.co\/Principal\/quienes-somos-2\/\"]}]},{\"@type\":\"ImageObject\",\"inLanguage\":\"es\",\"@id\":\"https:\/\/rutaalsur.co\/Principal\/quienes-somos-2\/#primaryimage\",\"url\":\"https:\/\/rutaalsur.co\/Principal\/wp-content\/uploads\/2024\/04\/balance-scale.png\",\"contentUrl\":\"https:\/\/rutaalsur.co\/Principal\/wp-content\/uploads\/2024\/04\/balance-scale.png\",\"width\":512,\"height\":512},{\"@type\":\"BreadcrumbList\",\"@id\":\"https:\/\/rutaalsur.co\/Principal\/quienes-somos-2\/#breadcrumb\",\"itemListElement\":[{\"@type\":\"ListItem\",\"position\":1,\"name\":\"Portada\",\"item\":\"https:\/\/rutaalsur.co\/Principal\/\"},{\"@type\":\"ListItem\",\"position\":2,\"name\":\"Quienes Somos\"}]},{\"@type\":\"WebSite\",\"@id\":\"https:\/\/rutaalsur.co\/Principal\/#website\",\"url\":\"https:\/\/rutaalsur.co\/Principal\/\",\"name\":\"Concesionaria Ruta al Sur\",\"description\":\"Bienvenidos\",\"publisher\":{\"@id\":\"https:\/\/rutaalsur.co\/Principal\/#organization\"},\"potentialAction\":[{\"@type\":\"SearchAction\",\"target\":{\"@type\":\"EntryPoint\",\"urlTemplate\":\"https:\/\/rutaalsur.co\/Principal\/?s={search_term_string}\"},\"query-input\":\"required name=search_term_string\"}],\"inLanguage\":\"es\"},{\"@type\":\"Organization\",\"@id\":\"https:\/\/rutaalsur.co\/Principal\/#organization\",\"name\":\"Ruta al Sur\",\"url\":\"https:\/\/rutaalsur.co\/Principal\/\",\"logo\":{\"@type\":\"ImageObject\",\"inLanguage\":\"es\",\"@id\":\"https:\/\/rutaalsur.co\/Principal\/#\/schema\/logo\/image\/\",\"url\":\"https:\/\/rutaalsur.co\/Principal\/wp-content\/uploads\/2021\/09\/4.png\",\"contentUrl\":\"https:\/\/rutaalsur.co\/Principal\/wp-content\/uploads\/2021\/09\/4.png\",\"width\":600,\"height\":400,\"caption\":\"Ruta al Sur\"},\"image\":{\"@id\":\"https:\/\/rutaalsur.co\/Principal\/#\/schema\/logo\/image\/\"},\"sameAs\":[\"https:\/\/www.facebook.com\/RutaalsurOfi\"]}]}<\/script>\n<!-- \/ Yoast SEO plugin. -->","yoast_head_json":{"title":"Quienes Somos - Concesionaria Ruta al Sur","robots":{"index":"index","follow":"follow","max-snippet":"max-snippet:-1","max-image-preview":"max-image-preview:large","max-video-preview":"max-video-preview:-1"},"canonical":"https:\/\/rutaalsur.co\/Principal\/quienes-somos-2\/","og_locale":"es_ES","og_type":"article","og_title":"Quienes Somos - Concesionaria Ruta al Sur","og_description":"Quienes Somos L\u00ednea \u00c9tica: transparencia@rutaalsur.co Concesionaria Cumplir a cabalidad con el Contrato de Concesi\u00f3n 012 de 2015 celebrado con la Agencia Nacional de Infraestructura, Conoce a Ruta al Sur El Proyecto Concesionaria Ruta al Sur S.A.S. \u2013 Proyecto vial 4G Santana -Mocoa \u2013 Neiva. Conoce m\u00e1s Gobierno Corporativo informes publicados por La Concesionaria Ruta al [&hellip;]","og_url":"https:\/\/rutaalsur.co\/Principal\/quienes-somos-2\/","og_site_name":"Concesionaria Ruta al Sur","article_publisher":"https:\/\/www.facebook.com\/RutaalsurOfi","article_modified_time":"2024-04-18T01:40:05+00:00","og_image":[{"url":"https:\/\/rutaalsur.co\/Principal\/wp-content\/uploads\/2024\/04\/balance-scale.png"}],"twitter_card":"summary_large_image","twitter_misc":{"Tiempo de lectura":"3 minutos"},"schema":{"@context":"https:\/\/schema.org","@graph":[{"@type":"WebPage","@id":"https:\/\/rutaalsur.co\/Principal\/quienes-somos-2\/","url":"https:\/\/rutaalsur.co\/Principal\/quienes-somos-2\/","name":"Quienes Somos - Concesionaria Ruta al Sur","isPartOf":{"@id":"https:\/\/rutaalsur.co\/Principal\/#website"},"primaryImageOfPage":{"@id":"https:\/\/rutaalsur.co\/Principal\/quienes-somos-2\/#primaryimage"},"image":{"@id":"https:\/\/rutaalsur.co\/Principal\/quienes-somos-2\/#primaryimage"},"thumbnailUrl":"https:\/\/rutaalsur.co\/Principal\/wp-content\/uploads\/2024\/04\/balance-scale.png","datePublished":"2024-04-06T02:39:46+00:00","dateModified":"2024-04-18T01:40:05+00:00","breadcrumb":{"@id":"https:\/\/rutaalsur.co\/Principal\/quienes-somos-2\/#breadcrumb"},"inLanguage":"es","potentialAction":[{"@type":"ReadAction","target":["https:\/\/rutaalsur.co\/Principal\/quienes-somos-2\/"]}]},{"@type":"ImageObject","inLanguage":"es","@id":"https:\/\/rutaalsur.co\/Principal\/quienes-somos-2\/#primaryimage","url":"https:\/\/rutaalsur.co\/Principal\/wp-content\/uploads\/2024\/04\/balance-scale.png","contentUrl":"https:\/\/rutaalsur.co\/Principal\/wp-content\/uploads\/2024\/04\/balance-scale.png","width":512,"height":512},{"@type":"BreadcrumbList","@id":"https:\/\/rutaalsur.co\/Principal\/quienes-somos-2\/#breadcrumb","itemListElement":[{"@type":"ListItem","position":1,"name":"Portada","item":"https:\/\/rutaalsur.co\/Principal\/"},{"@type":"ListItem","position":2,"name":"Quienes Somos"}]},{"@type":"WebSite","@id":"https:\/\/rutaalsur.co\/Principal\/#website","url":"https:\/\/rutaalsur.co\/Principal\/","name":"Concesionaria Ruta al Sur","description":"Bienvenidos","publisher":{"@id":"https:\/\/rutaalsur.co\/Principal\/#organization"},"potentialAction":[{"@type":"SearchAction","target":{"@type":"EntryPoint","urlTemplate":"https:\/\/rutaalsur.co\/Principal\/?s={search_term_string}"},"query-input":"required name=search_term_string"}],"inLanguage":"es"},{"@type":"Organization","@id":"https:\/\/rutaalsur.co\/Principal\/#organization","name":"Ruta al Sur","url":"https:\/\/rutaalsur.co\/Principal\/","logo":{"@type":"ImageObject","inLanguage":"es","@id":"https:\/\/rutaalsur.co\/Principal\/#\/schema\/logo\/image\/","url":"https:\/\/rutaalsur.co\/Principal\/wp-content\/uploads\/2021\/09\/4.png","contentUrl":"https:\/\/rutaalsur.co\/Principal\/wp-content\/uploads\/2021\/09\/4.png","width":600,"height":400,"caption":"Ruta al Sur"},"image":{"@id":"https:\/\/rutaalsur.co\/Principal\/#\/schema\/logo\/image\/"},"sameAs":["https:\/\/www.facebook.com\/RutaalsurOfi"]}]}},"jetpack_sharing_enabled":true,"_links":{"self":[{"href":"https:\/\/rutaalsur.co\/Principal\/wp-json\/wp\/v2\/pages\/7197","targetHints":{"allow":["GET"]}}],"collection":[{"href":"https:\/\/rutaalsur.co\/Principal\/wp-json\/wp\/v2\/pages"}],"about":[{"href":"https:\/\/rutaalsur.co\/Principal\/wp-json\/wp\/v2\/types\/page"}],"author":[{"embeddable":true,"href":"https:\/\/rutaalsur.co\/Principal\/wp-json\/wp\/v2\/users\/2"}],"replies":[{"embeddable":true,"href":"https:\/\/rutaalsur.co\/Principal\/wp-json\/wp\/v2\/comments?post=7197"}],"version-history":[{"count":73,"href":"https:\/\/rutaalsur.co\/Principal\/wp-json\/wp\/v2\/pages\/7197\/revisions"}],"predecessor-version":[{"id":7496,"href":"https:\/\/rutaalsur.co\/Principal\/wp-json\/wp\/v2\/pages\/7197\/revisions\/7496"}],"wp:attachment":[{"href":"https:\/\/rutaalsur.co\/Principal\/wp-json\/wp\/v2\/media?parent=7197"}],"curies":[{"name":"wp","href":"https:\/\/api.w.org\/{rel}","templated":true}]}}